common divisor of 22 and 194678.
22
Calculate the highest common divisor of 1482016 and 29.
29
Calculate the highest common divisor of 774 and 9417.
129
Calculate the greatest common divisor of 21296 and 944.
16
What is the highest common divisor of 552 and 32223?
69
What is the greatest common factor of 675232 and 64?
32
What is the greatest common divisor of 675 and 315?
45
What is the highest common divisor of 2 and 27658?
2
What is the highest common divisor of 60 and 2106660?
60
What is the greatest common factor of 74008 and 24?
8
Calculate the highest common factor of 30470 and 40590.
110
Calculate the greatest common divisor of 957 and 1392.
87
Calculate the highest common factor of 28917 and 13464.
153
What is the greatest common factor of 147 and 28371?
147
Calculate the highest common factor of 741 and 3914.
19
What is the highest common divisor of 46197 and 551?
29
Calculate the highest common factor of 5100 and 160820.
340
What is the highest common divisor of 15808 and 1026?
38
What is the greatest common divisor of 582335 and 124?
31
Calculate the greatest common factor of 490 and 6020.
70
Calculate the highest common factor of 242307 and 9.
9
What is the highest common factor of 10816 and 91?
13
What is the greatest common divisor of 28 and 5828?
4
What is the highest common divisor of 6498 and 1098?
18
Calculate the highest common factor of 21836 and 159.
53
Calculate the greatest common divisor of 571 and 189.
1
What is the greatest common divisor of 93555 and 990?
495
Calculate the highest common divisor of 4984 and 14.
14
What is the highest common divisor of 374 and 1441957?
187
Calculate the highest common divisor of 50 and 13030.
10
Calculate the highest common factor of 6933632 and 32.
32
What is the greatest common factor of 38880 and 6750?
270
What is the greatest common divisor of 2108 and 1360?
68
Calculate the greatest common factor of 1832312 and 8.
8
Calculate the highest common factor of 168 and 338400.
24
What is the greatest common divisor of 1742 and 1274?
26
What is the greatest common divisor of 13608 and 36126?
162
What is the greatest common divisor of 760 and 691220?
380
Calculate the highest common divisor of 2979709 and 51.
17
What is the greatest common divisor of 1340400 and 480?
240
What is the highest common factor of 123353 and 2?
1
Calculate the greatest common factor of 108 and 136161.
27
Calculate the greatest common factor of 777 and 100905.
21
Calculate the highest common factor of 214350 and 600.
150
What is the greatest common factor of 20 and 136660?
20
What is the greatest common divisor of 180 and 195948?
36
What is the highest common divisor of 7383212 and 3208?
1604
Calculate the highest common divisor of 91664 and 204.
68
Calculate the highest common divisor of 135 and 148095.
135
What is the greatest common factor of 12571 and 5174?
13
What is the highest common divisor of 1512422 and 136?
34
What is the greatest common factor of 2472 and 36?
12
What is the highest common factor of 522 and 76356?
18
What is the greatest common factor of 4706097 and 66?
33
What is the highest common divisor of 6297244 and 4?
4
What is the greatest common divisor of 947752 and 39?
13
What is the greatest common factor of 1369 and 259?
37
What is the greatest common divisor of 28 and 14?
14
Calculate the greatest common divisor of 18964 and 33.
11
Calculate the greatest common factor of 570585 and 15.
15
What is the highest common factor of 2311135 and 830?
415
What is the greatest common factor of 166127 and 338?
169
Calculate the highest common factor of 2158 and 14774.
166
What is the highest common divisor of 101 and 13662876?
101
What is the highest common divisor of 33344 and 5120?
64
What is the greatest common factor of 21879 and 8415?
1683
What is the highest common divisor of 1355101 and 11?
11
Calculate the highest common divisor of 6669 and 1729.
247
Calculate the highest common factor of 37469 and 356.
89
What is the highest common divisor of 220 and 59780?
20
Calculate the highest common divisor of 320 and 19232.
32
What is the greatest common factor of 11 and 19355391?
11
What is the greatest common divisor of 63261 and 44?
11
What is the highest common divisor of 123981 and 9438?
429
What is the greatest common divisor of 83208 and 72?
24
Calculate the greatest common factor of 11111 and 492.
41
Calculate the greatest common divisor of 1275832 and 303.
101
What is the highest common divisor of 127344 and 16?
16
Calculate the greatest common divisor of 13589 and 2794.
127
What is the highest common factor of 594 and 506?
22
What is the greatest common divisor of 35 and 784315?
35
Calculate the highest common factor of 146 and 26.
2
Calculate the greatest common divisor of 1734 and 3808.
34
Calculate the greatest common factor of 1280 and 1520.
80
Calculate the greatest common factor of 119 and 39202.
17
What is the greatest common divisor of 846 and 39997?
47
Calculate the highest common divisor of 58894 and 7172.
22
What is the highest common factor of 630850 and 74?
74
Calculate the greatest common factor of 444 and 219576.
12
Calculate the highest common divisor of 48774 and 858.
66
Calculate the greatest common divisor of 804 and 2710284.
804
What is the greatest common divisor of 248 and 150536?
248
What is the greatest common divisor of 2459390 and 92?
46
What is the highest common factor of 121 and 606331?
121
Calculate the highest common factor of 8 and 105848.
8
Calculate the greatest common divisor of 2565 and 255510.
45
What is the highest common divisor of 92 and 6463?
23
Calculate the greatest common divisor of 9159 and 426.
213
Calculate the highest common factor of 574 and 45178.
14
Calculate the greatest common factor of 54816 and 240.
48
What is the greatest common factor of 4965721 and 97?
97
Calculate the greatest common factor of 110 and 1602610.
10
Calculate the highest common divisor of 173 and 54149.
173
What is the highest common divisor of 265 and 80401?
53
What is the greatest common divisor of 109439 and 33?
11
Calculate the greatest common divisor of 325 and 2715.
5
Calculate the greatest common divisor of 11994 and 48.
6
What is the highest common divisor of 18534 and 27?
3
What is the greatest common divisor of 6774 and 162?
6
Calculate the greatest common divisor of 4522 and 442.
34
Calculate the highest common factor of 168960 and 48.
48
Calculate the highest common factor of 1128 and 13724.
188
What is the highest common factor of 159 and 201241?
53
What is the highest common divisor of 1939 and 152627?
277
What is the highest common divisor of 187 and 16235?
17
What is the greatest common factor of 260 and 4212?
52
Calculate the greatest common divisor of 83296 and 10944.
608
What is the highest common factor of 675528 and 168?
168
What is the highest common factor of 3954 and 150?
6
What is the highest common factor of 286 and 9425?
13
What is the greatest common factor of 378202 and 44?
22
What is the greatest common factor of 20 and 582740?
20
Calculate the greatest common factor of 305636 and 436.
436
What is the highest common factor of 119168 and 38?
38
Calculate the greatest common divisor of 279 and 26536.
31
What is the highest common divisor of 211092 and 196?
196
What is the highest common factor of 3277 and 4746?
113
Calculate the greatest common divisor of 1206 and 3426.
6
Calculate the greatest common factor of 72 and 737784.
72
What is the greatest common factor of 4375 and 13755?
35
Calculate the highest common factor of 85 and 46427.
17
Calculate the highest common divisor of 1581 and 713.
31
Calculate the highest common divisor of 711875 and 1139.
1139
What is the greatest common factor of 26180 and 170?
170
Calculate the greatest common factor of 1742 and 724404.
134
What is the highest common divisor of 942 and 138?
6
Calculate the greatest common factor of 3576000 and 384.
192
Calculate the highest common divisor of 6386 and 62.
62
What is the greatest common divisor of 51 and 116773?
17
What is the greatest common divisor of 252125 and 25?
25
Calculate the greatest common factor of 6994 and 1222.
26
Calculate the greatest common divisor of 21922365 and 1315.
1315
Calculate the greatest common factor of 1079 and 1261.
13
Calculat